ebe37 (base 15) in base 11?
2625494
Convert -6bb47b (base 13) to base 7.
-30550412
What is 99aa53 (base 13) in base 15?
4b8494
What is -5d532 (base 15) in base 14?
-7a940
83319 (base 12) to base 11
107962
Convert -33250c (base 14) to base 16.
-1a7a20
-2b134 (base 16) to base 10
-176436
What is -1101100010100000 (base 2) in base 6?
-1104424
-270921 (base 11) to base 4
-1213323211
What is 200022 (base 4) in base 15?
923
What is 64364 (base 7) in base 4?
3321203
What is -a3056a (base 12) in base 15?
-355e3a
Convert c6c2b (base 13) to base 8.
1273133
50a1988 (base 11) to base 9
17846818
-15582818 (base 9) to base 15
-a3d255
What is -154222350 (base 6) in base 8?
-14417232
77382 (base 10) to base 3
10221011000
What is -154603 (base 7) in base 8?
-73421
What is 2a324 (base 12) in base 10?
59212
2be22a (base 15) to base 3
10222212201011
Convert -4044033 (base 7) to base 2.
-1110101100100111100
What is -21201012201 (base 3) in base 15?
-2ee91
Convert 17415 (base 8) to base 14.
2c7b
Convert -3bb502 (base 14) to base 11.
-1192146
Convert -10101011110100011100 (base 2) to base 11.
-440833
Convert -461534 (base 9) to base 15.
-56ed7
Convert 23072271 (base 8) to base 10.
5010617
What is 90975 (base 10) in base 14?
25223
What is 100000110100111011 (base 2) in base 7?
1100003
What is 5770ac (base 14) in base 9?
5537183
What is 12414424 (base 5) in base 16?
1e0ea
13302200110 (base 4) to base 12
825784
What is -18369 (base 13) in base 12?
-23063
What is 1be10 (base 15) in base 5?
10402130
What is -163353661 (base 7) in base 15?
-e9a99d
92699 (base 10) to base 8
265033
What is -26e5c (base 15) in base 4?
-132131001
What is -3434121402 (base 5) in base 6?
-433312132
-11101000111110111101111 (base 2) to base 15
-a0c0b0
Convert -12330145 (base 7) to base 10.
-1116547
38028 (base 12) to base 7
434522
Convert 101010011111101111110101 (base 2) to base 14.
169db25
What is 1000100101 (base 2) in base 10?
549
-684e66 (base 15) to base 5
-2233243441
Convert 111100101111010101 (base 2) to base 13.
89318
Convert b11aa4 (base 15) to base 12.
2996761
Convert -4690c (base 15) to base 4.
-312320103
1224207 (base 10) to base 11
766846
-1975ca (base 14) to base 13
-258595
Convert -3405159 (base 12) to base 11.
-5694775
What is -1104202 (base 7) in base 13?
-49b40
What is 131839 (base 16) in base 13?
34a785
What is 1353b24 (base 12) in base 14?
7206cc
Convert -136500 (base 7) to base 3.
-1100002120
What is -21220112000 (base 3) in base 4?
-212000013
Convert -1110101010011100100001 (base 2) to base 8.
-16523441
Convert -21b5039 (base 13) to base 5.
-10122200430
-2486858 (base 10) to base 15
-341ca8
298bb03 (base 12) to base 8
40022163
1b6aa56 (base 12) to base 9
12031083
What is -10101010100010101 (base 2) in base 6?
-1512125
Convert -19a164 (base 11) to base 6.
-10322053
650502 (base 10) to base 15
ccb1c
Convert -301433443 (base 5) to base 11.
-7513a7
28e99 (base 16) to base 14
450db
What is -32032021 (base 4) in base 16?
-e389
Convert -dcc5cd (base 14) to base 15.
-9cd498
Convert 3334411444 (base 5) to base 6.
421204231
Convert -31143400 (base 6) to base 8.
-3336170
Convert -7607420 (base 8) to base 5.
-1010113342
What is 1716532 (base 9) in base 10?
956153
112021001122020 (base 3) to base 4
130322120031
2172183 (base 11) to base 15
503b3e
45911 (base 11) to base 13
24257
What is -105373705 (base 8) in base 13?
-3a0a941
-1322000421 (base 5) to base 10
-3312611
-152174 (base 9) to base 5
-10442320
221220102 (base 3) to base 10
18884
Convert 23244122 (base 5) to base 6.
4315220
-6c61bc (base 16) to base 8
-33060674
Convert 233313230 (base 4) to base 2.
101111110111101100
What is -345053 (base 7) in base 9?
-103662
10001011001100110000111 (base 2) to base 15
60175c
-4c933e (base 15) to base 5
-1420113414
-2975b3 (base 14) to base 3
-2201020200200
-10124410 (base 5) to base 8
-242241
Convert -27710470 (base 8) to base 12.
-2120588
Convert 20043423 (base 5) to base 12.
7819a
What is -1111021100 (base 3) in base 4?
-13022232
Convert 2102991 (base 11) to base 6.
211250440
What is -22096 (base 13) in base 7?
-344464
Convert -20022112012210 (base 3) to base 11.
-1992849
What is 1020211021 (base 5) in base 14?
3d13c6
43330232 (base 5) to base 6
11540100
Convert -1249a65 (base 11) to base 3.
-11002000111020
-326823 (base 15) to base 13
-6610a7
-347529 (base 13) to base 14
-2456c6
-676865 (base 11) to base 15
-164548
What is -11111110011101010011 (base 2) in base 10?
-1042259
What is -25509 (base 12) in base 7?
-301140
1113020021 (base 5) to base 15
33bcc6
6b078 (base 15) to base 4
1103033330
3d7a48 (base 14) to base 12
86b028
Convert -431555530 (base 6) to base 4.
-131030003232
Convert 3213122320 (base 4) to base 7.
11025355
What is -11220011201010 (base 3) in base 10?
-2601588
What is 4a5ca5 (base 14) in base 10?
2551673
Convert 4477820 (base 9) to base 13.
6667cb
2217f8 (base 16) to base 13
60300b
What is 406611 (base 10) in base 14?
a8279
-1486656 (base 10) to base 16
-16af40
Convert 436488 (base 9) to base 10.
260657
Convert -20353213 (base 7) to base 3.
-10012220120101
What is -100343431 (base 5) in base 13?
-111574
What is -b55a8 (base 16) in base 12?
-2b9a60
Convert -1200111321 (base 4) to base 7.
-3232326
What is -11023302332 (base 4) in base 12?
-556592
What is 5284310 (base 9) in base 12?
b46353
Convert 1011427 (base 9) to base 3.
1000101110221
-10110100110001001 (base 2) to base 15
-1c653
216326 (base 10) to base 15
4416b
-204373 (base 9) to base 16
-1d9eb
What is 303032132 (base 4) in base 2?
110011001110011110
What is 10bb9b (base 14) in base 10?
570301
Convert 2175874 (base 11) to base 7.
44264411
Convert 1359662 (base 10) to base 11.
849597
What is 440366 (base 7) in base 16?
12ce3
Convert -3610463 (base 8) to base 9.
-1764458
Convert cab13 (base 13) to base 9.
617757
What is 667663 (base 8) in base 10?
225203
1dc94 (base 14) to base 11
5258a
Convert -647b5 (base 15) to base 8.
-1157023
What is -43122311 (base 5) in base 3?
-200111102111
What is -101000000011011110 (base 2) in base 13?
-598a2
-1221b (base 12) to base 13
-b1cb
Convert -5544121 (base 6) to base 16.
-43ef1
Convert 1515301 (base 6) to base 8.
253725
Convert -3b1b72 (base 12) to base 10.
-977990
What is -18234 (base 12) in base 9?
-52764
Convert 41c996 (base 16) to base 5.
2100431241
What is 80d5cb (base 14) in base 4?
100203123133
Convert -1410513 (base 6) to base 16.
-1358d
Convert 1000101100010110 (base 2) to base 7.
205544
Convert -b6684 (base 13) to base 14.
-879c7
24fc7 (base 16) to base 8
447707
Convert -100001100011110111 (base 2) to base 7.
-1111524
Convert 1321210 (base 8) to base 7.
3065433
-201550221 (base 6) to base 10
-3451333
Convert -16c4c (base 14) to base 12.
-291b0
111002122222102 (base 3) to base 10
6961205
What is 423565 (base 9) in base 7?
2066414
Convert ed0d (base 15) to base 12.
25064
Convert 5408105 (base 9) to base 15.
3c40ce
Convert 3639121 (base 11) to base 6.
343454043
What is -12430144 (base 5) in base 11?
-85015
What is 29638a (base 12) in base 7?
5623543
Convert 21012001212 (base 3) to base 4.
202202210
918219 (base 10) to base 5
213340334
What is 1110111111001001010 (base 2) in base 11?
305a59
-1303102121 (base 4) to base 7
-4004504
Convert 7148a (base 16) to base 6.
13540110
What is -2206024 (base 8) in base 14?
-116112
-371456 (base 8) to base 9
-214258
What is -151721 (base 8) in base 7?
-314043
-4111217 (base 8) to base 12
-44463b
-10110000000100001000 (base 2) to base 14
-14ab56
Convert 14622013 (base 7) to base 2.
101010101111010011111
Convert 3a576 (base 16) to base 7.
2013460
What is -1413511 (base 6) in base 8?
-234023
381157 (base 10) to base 5
44144112
Convert -1000100100110101 (base 2) to base 12.
-183b1
What is 3525621 (base 8) in base 3?
1210211211100
215586 (base 9) to base 5
13110122
-1132112333 (base 4) to base 10
-386495
Convert 157559 (base 10) to base 11.
a8416
What is 143853 (base 12) in base 4?
1102203333
What is -3420395 (base 12) in base 8?
-46102041
What is 1645009 (base 10) in base 2?
110010001100111010001
Convert -118e0 (base 15) to base 3.
-2211211110
What is -4123533 (base 6) in base 8?
-602321
-13200120302 (base 4) to base 8
-7403062
What is 1421240 (base 7) in base 2?
101110011011000100
Convert -252335 (base 6) to base 2.
-101100001000011
-2301